{"id":170,"date":"2025-11-20T11:44:43","date_gmt":"2025-11-20T10:44:43","guid":{"rendered":"https:\/\/ateliersaintgeorges-ceramique.fr\/?page_id=170"},"modified":"2025-11-20T11:48:22","modified_gmt":"2025-11-20T10:48:22","slug":"savoir-faire","status":"publish","type":"page","link":"https:\/\/ateliersaintgeorges-ceramique.fr\/index.php\/savoir-faire\/","title":{"rendered":"Savoir-faire"},"content":{"rendered":"\n<main class=\"wp-block-group\"><div class=\"wp-block-group__inner-container is-layout-constrained wp-block-group-is-layout-constrained\">\n<div class=\"wp-block-group alignfull has-background\" style=\"background-color:#f5f2ed;padding-top:80px;padding-right:40px;padding-bottom:80px;padding-left:40px\"><div class=\"wp-block-group__inner-container is-layout-constrained wp-container-core-group-is-layout-9991b513 wp-block-group-is-layout-constrained\">\n<h1 class=\"wp-block-heading has-text-align-center\">Savoir-faire<\/h1>\n\n\n\n<p class=\"has-text-align-center\">Un travail de la terre ancr\u00e9 dans la tradition c\u00e9ramique, orient\u00e9 vers des formes et usages contemporains.<\/p>\n<\/div><\/div>\n\n\n\n<div class=\"wp-block-group\" style=\"padding-top:60px;padding-right:30px;padding-bottom:40px;padding-left:30px\"><div class=\"wp-block-group__inner-container is-layout-constrained wp-container-core-group-is-layout-6d573574 wp-block-group-is-layout-constrained\">\n<h2 class=\"wp-block-heading\">Mati\u00e8res<\/h2>\n\n\n\n<div class=\"wp-block-columns is-layout-flex wp-container-core-columns-is-layout-2679cf2c wp-block-columns-is-layout-flex\">\n<div class=\"wp-block-column is-layout-flow wp-block-column-is-layout-flow\">\n<h3 class=\"wp-block-heading\">Argiles<\/h3>\n\n\n\n<p>Gr\u00e8s, porcelaines et m\u00e9langes d\u2019argiles sont s\u00e9lectionn\u00e9s pour leur densit\u00e9, leur r\u00e9sistance et la profondeur qu\u2019ils apportent aux \u00e9maux. Chaque terre est test\u00e9e, \u00e9prouv\u00e9e et associ\u00e9e \u00e0 des courbes de cuisson sp\u00e9cifiques.<\/p>\n<\/div>\n\n\n\n<div class=\"wp-block-column is-layout-flow wp-block-column-is-layout-flow\">\n<h3 class=\"wp-block-heading\">\u00c9maux<\/h3>\n\n\n\n<p>L\u2019atelier d\u00e9veloppe ses propres \u00e9maux, dans une palette volontairement limit\u00e9e&nbsp;: blancs laiteux, tonalit\u00e9s min\u00e9rales, contrastes mats\/brillants. Cette recherche permet de cr\u00e9er des collections coh\u00e9rentes, reconnaissables au premier regard.<\/p>\n<\/div>\n\n\n\n<div class=\"wp-block-column is-layout-flow wp-block-column-is-layout-flow\">\n<h3 class=\"wp-block-heading\">Textures &amp; finitions<\/h3>\n\n\n\n<p>Surfaces lisses, peaux de terre l\u00e9g\u00e8rement granuleuses, parties laiss\u00e9es brutes ou polies&nbsp;: la texture est pens\u00e9e comme une exp\u00e9rience tactile, au creux de la main et sur la table.<\/p>\n<\/div>\n<\/div>\n<\/div><\/div>\n\n\n\n<div class=\"wp-block-group has-background\" style=\"background-color:#f5f2ed;padding-top:40px;padding-right:30px;padding-bottom:40px;padding-left:30px\"><div class=\"wp-block-group__inner-container is-layout-constrained wp-container-core-group-is-layout-613bfe1d wp-block-group-is-layout-constrained\">\n<h2 class=\"wp-block-heading\">Processus de cr\u00e9ation<\/h2>\n\n\n\n<ul class=\"wp-block-list\">\n<li><strong>Intention &amp; dessin<\/strong>&nbsp;: d\u00e9finition des usages, des volumes et de l\u2019univers visuel.<\/li>\n\n\n\n<li><strong>Prototypes<\/strong>&nbsp;: premi\u00e8res pi\u00e8ces, ajustements des proportions, tests d\u2019ergonomie.<\/li>\n\n\n\n<li><strong>Fabrication<\/strong>&nbsp;: tournage ou fa\u00e7onnage, s\u00e9chage, finitions \u00e0 la main.<\/li>\n\n\n\n<li><strong>Premi\u00e8re cuisson (d\u00e9gourdi)<\/strong>&nbsp;: stabilisation de la pi\u00e8ce avant \u00e9maillage.<\/li>\n\n\n\n<li><strong>\u00c9maillage<\/strong>&nbsp;: trempage, pulv\u00e9risation ou coulage, en fonction des effets recherch\u00e9s.<\/li>\n\n\n\n<li><strong>Cuisson finale<\/strong>&nbsp;: haute temp\u00e9rature, contr\u00f4le des courbes de cuisson et des atmosph\u00e8res de four.<\/li>\n<\/ul>\n<\/div><\/div>\n\n\n\n<div class=\"wp-block-group\" style=\"padding-top:60px;padding-right:30px;padding-bottom:80px;padding-left:30px\"><div class=\"wp-block-group__inner-container is-layout-constrained wp-container-core-group-is-layout-189e3f07 wp-block-group-is-layout-constrained\">\n<h2 class=\"wp-block-heading has-text-align-center\">Entre tradition et cr\u00e9ation contemporaine<\/h2>\n\n\n\n<p class=\"has-text-align-center\">Le travail de l\u2019atelier s\u2019inscrit dans une filiation avec les grands gestes de la c\u00e9ramique&nbsp;: tourner, fa\u00e7onner, cuire, \u00e9mailler. Mais il les transpose dans un langage r\u00e9solument contemporain, en dialogue avec l\u2019architecture, la gastronomie et les usages actuels.<\/p>\n\n\n\n<p class=\"has-text-align-center\">Chaque pi\u00e8ce vise un point d\u2019\u00e9quilibre&nbsp;: suffisamment sobre pour s\u2019int\u00e9grer \u00e0 un ensemble, suffisamment singuli\u00e8re pour \u00eatre imm\u00e9diatement reconnaissable.<\/p>\n<\/div><\/div>\n<\/div><\/main>\n\n\n\n<div class=\"wp-block-group has-text-color has-background\" style=\"color:#ffffff;background-color:#222222;padding-top:40px;padding-right:30px;padding-bottom:40px;padding-left:30px\"><div class=\"wp-block-group__inner-container is-layout-constrained wp-container-core-group-is-layout-f32e2028 wp-block-group-is-layout-constrained\">\n<p class=\"has-text-align-center has-small-font-size\"><strong>Atelier Saint Georges<\/strong><\/p>\n\n\n\n<p class=\"has-text-align-center has-small-font-size\">Adresse&nbsp;: 13, la l\u00e9vini\u00e8re, 85600 St Georges de Montaigu, France<\/p>\n\n\n\n<p class=\"has-text-align-center has-small-font-size\">Mail&nbsp;: <a href=\"mailto:contact@ateliersaintgeorges-ceramique.fr\">contact@ateliersaintgeorges-ceramique.fr<\/a> &nbsp;|&nbsp; T\u00e9l.&nbsp;: <a href=\"tel:+33661022674\">+33 (0)6 61 02 26 74<\/a> \/ <a href=\"tel:+33660586344\">+33 (0)6 60 58 63 44<\/a><\/p>\n\n\n\n<p class=\"has-text-align-center has-small-font-size\">Instagram&nbsp;: <a href=\"https:\/\/www.instagram.com\/atelierstgeorges\" target=\"_blank\" rel=\"noreferrer noopener\">@atelierstgeorges<\/a><\/p>\n<\/div><\/div>\n\n\n\n<p><\/p>\n","protected":false},"excerpt":{"rendered":"<p>Savoir-faire Un travail de la terre ancr\u00e9 dans la tradition c\u00e9ramique, orient\u00e9 vers des formes et usages contemporains. Mati\u00e8res Argiles Gr\u00e8s, porcelaines et m\u00e9langes d\u2019argiles sont s\u00e9lectionn\u00e9s pour leur densit\u00e9, leur r\u00e9sistance et la profondeur qu\u2019ils apportent aux \u00e9maux. Chaque terre est test\u00e9e, \u00e9prouv\u00e9e et associ\u00e9e \u00e0 des courbes de cuisson sp\u00e9cifiques. \u00c9maux L\u2019atelier d\u00e9veloppe<\/p>\n","protected":false},"author":1,"featured_media":0,"parent":0,"menu_order":0,"comment_status":"closed","ping_status":"closed","template":"","meta":{"footnotes":""},"class_list":["post-170","page","type-page","status-publish","hentry"],"_links":{"self":[{"href":"https:\/\/ateliersaintgeorges-ceramique.fr\/index.php\/wp-json\/wp\/v2\/pages\/170","targetHints":{"allow":["GET"]}}],"collection":[{"href":"https:\/\/ateliersaintgeorges-ceramique.fr\/index.php\/wp-json\/wp\/v2\/pages"}],"about":[{"href":"https:\/\/ateliersaintgeorges-ceramique.fr\/index.php\/wp-json\/wp\/v2\/types\/page"}],"author":[{"embeddable":true,"href":"https:\/\/ateliersaintgeorges-ceramique.fr\/index.php\/wp-json\/wp\/v2\/users\/1"}],"replies":[{"embeddable":true,"href":"https:\/\/ateliersaintgeorges-ceramique.fr\/index.php\/wp-json\/wp\/v2\/comments?post=170"}],"version-history":[{"count":3,"href":"https:\/\/ateliersaintgeorges-ceramique.fr\/index.php\/wp-json\/wp\/v2\/pages\/170\/revisions"}],"predecessor-version":[{"id":178,"href":"https:\/\/ateliersaintgeorges-ceramique.fr\/index.php\/wp-json\/wp\/v2\/pages\/170\/revisions\/178"}],"wp:attachment":[{"href":"https:\/\/ateliersaintgeorges-ceramique.fr\/index.php\/wp-json\/wp\/v2\/media?parent=170"}],"curies":[{"name":"wp","href":"https:\/\/api.w.org\/{rel}","templated":true}]}}